{"id":6,"date":"2020-02-20T11:25:48","date_gmt":"2020-02-20T11:25:48","guid":{"rendered":"http:\/\/fotokunsthof.de\/?page_id=6"},"modified":"2024-07-13T14:47:32","modified_gmt":"2024-07-13T14:47:32","slug":"startseite","status":"publish","type":"page","link":"https:\/\/fotokunsthof.de\/","title":{"rendered":"\u00dcber mich"},"content":{"rendered":"\n<p><\/p>\n\n\n\n<p><\/p>\n\n\n\n<p class=\"has-large-font-size\">\u00dcber mich<\/p>\n\n\n\n<p>Vor 60 Jahren startete ich mit der Fotografie. Mein haupts\u00e4chliches Interesse richtet<br>sich auf Landschaften und Stimmungen. Ausfl\u00fcge in Architektur-, Tier- und Portr\u00e4tfotografie<br>kommen gelegentlich vor.<\/p>\n\n\n\n<p>Begleitend studiere ich die Fotografie mit all ihren Facetten von der Technik bis zur<br>Bildgestaltung.<\/p>\n\n\n\n<p>Immer wieder gern nehme ich die Herausforderung an, mich auf den richtigen Moment f\u00fcr<br>das gelungene Bild zu konzentrieren. N\u00f6tig sind daf\u00fcr Zeitaufwand und ein hohes Ma\u00df<br>an Organisation.<\/p>\n\n\n\n<p>Was mir die Kamera liefert, betrachte ich als Rohmaterial f\u00fcr intensive Bearbeitung.<\/p>\n\n\n\n<figure class=\"wp-block-image size-large\"><img loading=\"lazy\" decoding=\"async\" width=\"1024\" height=\"1024\" src=\"https:\/\/fotokunsthof.de\/wp-content\/uploads\/2021\/10\/DSCF4967-1024x1024.jpg\" alt=\"\" class=\"wp-image-353\" srcset=\"https:\/\/fotokunsthof.de\/wp-content\/uploads\/2021\/10\/DSCF4967-1024x1024.jpg 1024w, https:\/\/fotokunsthof.de\/wp-content\/uploads\/2021\/10\/DSCF4967-300x300.jpg 300w, https:\/\/fotokunsthof.de\/wp-content\/uploads\/2021\/10\/DSCF4967-150x150.jpg 150w, https:\/\/fotokunsthof.de\/wp-content\/uploads\/2021\/10\/DSCF4967-768x768.jpg 768w\" sizes=\"auto, (max-width: 1024px) 100vw, 1024px\" \/><\/figure>\n\n\n\n<p><\/p>\n","protected":false},"excerpt":{"rendered":"<p>\u00dcber mich Vor 60 Jahren startete ich mit der Fotografie. Mein haupts\u00e4chliches Interesse richtetsich auf Landschaften und Stimmungen. Ausfl\u00fcge in Architektur-, Tier- und Portr\u00e4tfotografiekommen gelegentlich vor. Begleitend studiere ich die Fotografie mit all ihren Facetten von der Technik bis zurBildgestaltung. Immer wieder gern nehme ich die Herausforderung an, mich auf den richtigen Moment f\u00fcrdas gelungene [&hellip;]<\/p>\n","protected":false},"author":1,"featured_media":0,"parent":0,"menu_order":0,"comment_status":"closed","ping_status":"closed","template":"","meta":{"footnotes":""},"class_list":["post-6","page","type-page","status-publish","hentry"],"_links":{"self":[{"href":"https:\/\/fotokunsthof.de\/index.php?rest_route=\/wp\/v2\/pages\/6","targetHints":{"allow":["GET"]}}],"collection":[{"href":"https:\/\/fotokunsthof.de\/index.php?rest_route=\/wp\/v2\/pages"}],"about":[{"href":"https:\/\/fotokunsthof.de\/index.php?rest_route=\/wp\/v2\/types\/page"}],"author":[{"embeddable":true,"href":"https:\/\/fotokunsthof.de\/index.php?rest_route=\/wp\/v2\/users\/1"}],"replies":[{"embeddable":true,"href":"https:\/\/fotokunsthof.de\/index.php?rest_route=%2Fwp%2Fv2%2Fcomments&post=6"}],"version-history":[{"count":10,"href":"https:\/\/fotokunsthof.de\/index.php?rest_route=\/wp\/v2\/pages\/6\/revisions"}],"predecessor-version":[{"id":360,"href":"https:\/\/fotokunsthof.de\/index.php?rest_route=\/wp\/v2\/pages\/6\/revisions\/360"}],"wp:attachment":[{"href":"https:\/\/fotokunsthof.de\/index.php?rest_route=%2Fwp%2Fv2%2Fmedia&parent=6"}],"curies":[{"name":"wp","href":"https:\/\/api.w.org\/{rel}","templated":true}]}}